Last updated on 2020-10-11 01:47:30 CEST.
Flavor | Version | Tinstall | Tcheck | Ttotal | Status | Flags |
---|---|---|---|---|---|---|
r-devel-linux-x86_64-debian-clang | 0.1.2 | 47.02 | 24.88 | 71.90 | OK | |
r-devel-linux-x86_64-debian-gcc | 0.1.2 | 33.46 | 19.76 | 53.22 | OK | |
r-devel-linux-x86_64-fedora-clang | 0.1.2 | 113.30 | NOTE | |||
r-devel-linux-x86_64-fedora-gcc | 0.1.2 | 91.92 | OK | |||
r-devel-windows-ix86+x86_64 | 0.1.2 | 124.00 | 60.00 | 184.00 | OK | |
r-patched-linux-x86_64 | 0.1.2 | 43.95 | 24.05 | 68.00 | OK | |
r-patched-solaris-x86 | 0.1.2 | 99.80 | OK | |||
r-release-linux-x86_64 | 0.1.2 | 45.08 | 24.08 | 69.16 | OK | |
r-release-macos-x86_64 | 0.1.2 | OK | ||||
r-release-windows-ix86+x86_64 | 0.1.2 | 85.00 | 76.00 | 161.00 | OK | |
r-oldrel-macos-x86_64 | 0.1.2 | OK | ||||
r-oldrel-windows-ix86+x86_64 | 0.1.2 | 117.00 | 67.00 | 184.00 | OK |
Version: 0.1.2
Check: Rd cross-references
Result: NOTE
Undeclared package ‘RcppExamples’ in Rd xrefs
Flavor: r-devel-linux-x86_64-fedora-clang