Last updated on 2020-10-11 01:47:30 CEST.
Flavor | Version | Tinstall | Tcheck | Ttotal | Status | Flags |
---|---|---|---|---|---|---|
r-devel-linux-x86_64-debian-clang | 1.0.4 | 262.48 | 740.34 | 1002.82 | OK | |
r-devel-linux-x86_64-debian-gcc | 1.0.4 | 201.79 | 554.09 | 755.88 | OK | |
r-devel-linux-x86_64-fedora-clang | 1.0.4 | 1255.93 | NOTE | |||
r-devel-linux-x86_64-fedora-gcc | 1.0.4 | 1362.02 | OK | |||
r-devel-windows-ix86+x86_64 | 1.0.4 | 525.00 | 959.00 | 1484.00 | NOTE | |
r-patched-linux-x86_64 | 1.0.4 | 241.91 | 733.39 | 975.30 | OK | |
r-patched-solaris-x86 | 1.0.4 | 2156.70 | OK | |||
r-release-linux-x86_64 | 1.0.4 | 239.98 | 734.61 | 974.59 | OK | |
r-release-macos-x86_64 | 1.0.4 | NOTE | ||||
r-release-windows-ix86+x86_64 | 1.0.4 | 386.00 | 732.00 | 1118.00 | NOTE | |
r-oldrel-macos-x86_64 | 1.0.4 | WARN | ||||
r-oldrel-windows-ix86+x86_64 | 1.0.4 | 473.00 | 972.00 | 1445.00 | NOTE |
Version: 1.0.4
Check: installed package size
Result: NOTE
installed size is 23.5Mb
sub-directories of 1Mb or more:
libs 21.7Mb
Flavors: r-devel-linux-x86_64-fedora-clang, r-devel-windows-ix86+x86_64, r-release-macos-x86_64, r-release-windows-ix86+x86_64, r-oldrel-macos-x86_64, r-oldrel-windows-ix86+x86_64
Version: 1.0.4
Check: Rd cross-references
Result: NOTE
Undeclared package ‘Rtsne’ in Rd xrefs
Flavor: r-devel-linux-x86_64-fedora-clang
Version: 1.0.4
Check: whether package can be installed
Result: WARN
Found the following significant warnings:
Warning: 'rgl.init' failed, running with 'rgl.useNULL = TRUE'.
Flavor: r-oldrel-macos-x86_64
Version: 1.0.4
Check: Rd files
Result: WARN
prepare_Rd: RGL: unable to open X11 display
prepare_Rd: 'rgl.init' failed, running with 'rgl.useNULL = TRUE'.
Flavor: r-oldrel-macos-x86_64