Last updated on 2020-10-11 01:47:30 CEST.
Flavor | Version | Tinstall | Tcheck | Ttotal | Status | Flags |
---|---|---|---|---|---|---|
r-devel-linux-x86_64-debian-clang | 0.6-4 | 4.15 | 23.07 | 27.22 | OK | |
r-devel-linux-x86_64-debian-gcc | 0.6-4 | 3.09 | 18.04 | 21.13 | OK | |
r-devel-linux-x86_64-fedora-clang | 0.6-4 | 44.98 | NOTE | |||
r-devel-linux-x86_64-fedora-gcc | 0.6-4 | 32.87 | OK | |||
r-devel-windows-ix86+x86_64 | 0.6-4 | 12.00 | 42.00 | 54.00 | OK | |
r-patched-linux-x86_64 | 0.6-4 | 3.98 | 22.07 | 26.05 | OK | |
r-patched-solaris-x86 | 0.6-4 | 51.80 | OK | |||
r-release-linux-x86_64 | 0.6-4 | 4.14 | 22.15 | 26.29 | OK | |
r-release-macos-x86_64 | 0.6-4 | NOTE | ||||
r-release-windows-ix86+x86_64 | 0.6-4 | 12.00 | 42.00 | 54.00 | OK | |
r-oldrel-macos-x86_64 | 0.6-4 | NOTE | ||||
r-oldrel-windows-ix86+x86_64 | 0.6-4 | 1.00 | 5.00 | 6.00 | ERROR |
Version: 0.6-4
Check: Rd cross-references
Result: NOTE
Undeclared packages ‘lpSolve’, ‘ROI’, ‘Rsymphony’ in Rd xrefs
Flavor: r-devel-linux-x86_64-fedora-clang
Version: 0.6-4
Check: Rd cross-references
Result: NOTE
Package unavailable to check Rd xrefs: ‘Rsymphony’
Flavors: r-release-macos-x86_64, r-oldrel-macos-x86_64
Version: 0.6-4
Check: whether package can be installed
Result: ERROR
Installation failed.
Flavor: r-oldrel-windows-ix86+x86_64