Last updated on 2020-10-11 01:47:31 CEST.
Flavor | Version | Tinstall | Tcheck | Ttotal | Status | Flags |
---|---|---|---|---|---|---|
r-devel-linux-x86_64-debian-clang | 1.3.5 | 2.23 | 19.51 | 21.74 | NOTE | --no-examples --no-tests --no-vignettes |
r-devel-linux-x86_64-debian-gcc | 1.3.5 | 1.67 | 15.52 | 17.19 | NOTE | --no-examples --no-tests --no-vignettes |
r-devel-linux-x86_64-fedora-clang | 1.3.5 | 39.29 | OK | |||
r-devel-linux-x86_64-fedora-gcc | 1.3.5 | 27.03 | OK | |||
r-devel-windows-ix86+x86_64 | 1.3.5 | 5.00 | 32.00 | 37.00 | OK | |
r-patched-linux-x86_64 | 1.3.5 | 2.14 | 18.61 | 20.75 | NOTE | --no-examples --no-tests --no-vignettes |
r-release-linux-x86_64 | 1.3.5 | 2.07 | 18.60 | 20.67 | NOTE | --no-examples --no-tests --no-vignettes |
r-release-macos-x86_64 | 1.3.5 | OK | ||||
r-release-windows-ix86+x86_64 | 1.3.5 | 5.00 | 37.00 | 42.00 | OK | |
r-oldrel-macos-x86_64 | 1.3.5 | OK | ||||
r-oldrel-windows-ix86+x86_64 | 1.3.5 | 4.00 | 29.00 | 33.00 | OK |
Version: 1.3.5
Flags: --no-examples --no-tests --no-vignettes
Check: R code for possible problems
Result: NOTE
Found the following calls to attach():
File 'Rmosek/R/builder.R':
attach(builderenv, pos, name, warn.conflicts)
See section 'Good practice' in '?attach'.
Flavors: r-devel-linux-x86_64-debian-clang, r-devel-linux-x86_64-debian-gcc, r-patched-linux-x86_64, r-release-linux-x86_64