Last updated on 2020-10-11 01:47:31 CEST.
Flavor | Version | Tinstall | Tcheck | Ttotal | Status | Flags |
---|---|---|---|---|---|---|
r-devel-linux-x86_64-debian-clang | 0.1.3 | 1.95 | 17.90 | 19.85 | OK | |
r-devel-linux-x86_64-debian-gcc | 0.1.3 | 1.52 | 14.31 | 15.83 | OK | |
r-devel-linux-x86_64-fedora-clang | 0.1.3 | 34.99 | NOTE | |||
r-devel-linux-x86_64-fedora-gcc | 0.1.3 | 23.64 | NOTE | |||
r-devel-windows-ix86+x86_64 | 0.1.3 | 6.00 | 28.00 | 34.00 | OK | |
r-patched-linux-x86_64 | 0.1.3 | 1.75 | 17.57 | 19.32 | OK | |
r-patched-solaris-x86 | 0.1.3 | 36.00 | NOTE | |||
r-release-linux-x86_64 | 0.1.3 | 1.94 | 17.37 | 19.31 | OK | |
r-release-macos-x86_64 | 0.1.3 | NOTE | ||||
r-release-windows-ix86+x86_64 | 0.1.3 | 4.00 | 35.00 | 39.00 | OK | |
r-oldrel-macos-x86_64 | 0.1.3 | NOTE | ||||
r-oldrel-windows-ix86+x86_64 | 0.1.3 | 4.00 | 25.00 | 29.00 | OK |
Version: 0.1.3
Check: dependencies in R code
Result: NOTE
Namespace in Imports field not imported from: ‘dplyr’
All declared Imports should be used.
Flavors: r-devel-linux-x86_64-fedora-clang, r-devel-linux-x86_64-fedora-gcc, r-patched-solaris-x86, r-release-macos-x86_64, r-oldrel-macos-x86_64