Last updated on 2020-10-11 01:47:32 CEST.
Flavor | Version | Tinstall | Tcheck | Ttotal | Status | Flags |
---|---|---|---|---|---|---|
r-devel-linux-x86_64-debian-clang | 0.2.3 | 136.79 | 41.28 | 178.07 | NOTE | |
r-devel-linux-x86_64-debian-gcc | 0.2.3 | 98.55 | 30.34 | 128.89 | NOTE | |
r-devel-linux-x86_64-fedora-clang | 0.2.3 | 266.27 | NOTE | |||
r-devel-linux-x86_64-fedora-gcc | 0.2.3 | 234.63 | NOTE | |||
r-devel-windows-ix86+x86_64 | 0.2.3 | 332.00 | 70.00 | 402.00 | NOTE | |
r-patched-linux-x86_64 | 0.2.3 | 129.02 | 39.33 | 168.35 | NOTE | |
r-patched-solaris-x86 | 0.2.3 | 221.20 | NOTE | |||
r-release-linux-x86_64 | 0.2.3 | 125.25 | 39.94 | 165.19 | NOTE | |
r-release-macos-x86_64 | 0.2.3 | NOTE | ||||
r-release-windows-ix86+x86_64 | 0.2.3 | 255.00 | 83.00 | 338.00 | NOTE | |
r-oldrel-macos-x86_64 | 0.2.3 | NOTE | ||||
r-oldrel-windows-ix86+x86_64 | 0.2.3 | 297.00 | 75.00 | 372.00 | NOTE |
Version: 0.2.3
Check: DESCRIPTION meta-information
Result: NOTE
Malformed Description field: should contain one or more complete sentences.
Flavors: r-devel-linux-x86_64-debian-clang, r-devel-linux-x86_64-debian-gcc, r-devel-linux-x86_64-fedora-clang, r-devel-linux-x86_64-fedora-gcc, r-devel-windows-ix86+x86_64, r-patched-linux-x86_64, r-patched-solaris-x86, r-release-linux-x86_64, r-release-macos-x86_64, r-release-windows-ix86+x86_64, r-oldrel-macos-x86_64, r-oldrel-windows-ix86+x86_64
Version: 0.2.3
Check: R code for possible problems
Result: NOTE
fitSBSA: no visible binding for global variable 'var'
fitSBSA: no visible global function definition for 'var'
fitSBSA: no visible global function definition for 'qnorm'
Undefined global functions or variables:
qnorm var
Consider adding
importFrom("stats", "qnorm", "var")
to your NAMESPACE file.
Flavors: r-devel-linux-x86_64-debian-clang, r-devel-linux-x86_64-debian-gcc, r-devel-linux-x86_64-fedora-clang, r-devel-linux-x86_64-fedora-gcc, r-devel-windows-ix86+x86_64, r-patched-linux-x86_64, r-patched-solaris-x86, r-release-linux-x86_64, r-release-macos-x86_64, r-release-windows-ix86+x86_64, r-oldrel-macos-x86_64, r-oldrel-windows-ix86+x86_64
Version: 0.2.3
Check: compiled code
Result: NOTE
File ‘SBSA/libs/SBSA.so’:
Found no calls to: ‘R_registerRoutines’, ‘R_useDynamicSymbols’
It is good practice to register native routines and to disable symbol
search.
See ‘Writing portable packages’ in the ‘Writing R Extensions’ manual.
Flavors: r-devel-linux-x86_64-fedora-clang, r-devel-linux-x86_64-fedora-gcc