CRAN Package Check Results for Package SEA

Last updated on 2020-10-11 01:47:32 CEST.

Flavor Version Tinstall Tcheck Ttotal Status Flags
r-devel-linux-x86_64-debian-clang 1.0 267.70 866.51 1134.21 OK
r-devel-linux-x86_64-debian-gcc 1.0 223.52 622.42 845.94 OK
r-devel-linux-x86_64-fedora-clang 1.0 1325.69 NOTE
r-devel-linux-x86_64-fedora-gcc 1.0 1348.94 OK
r-devel-windows-ix86+x86_64 1.0 410.00 588.00 998.00 NOTE
r-patched-linux-x86_64 1.0 266.15 780.78 1046.93 OK
r-patched-solaris-x86 1.0 1360.40 NOTE
r-release-linux-x86_64 1.0 256.22 766.43 1022.65 OK
r-release-macos-x86_64 1.0 NOTE
r-release-windows-ix86+x86_64 1.0 309.00 788.00 1097.00 NOTE
r-oldrel-macos-x86_64 1.0 NOTE
r-oldrel-windows-ix86+x86_64 1.0 388.00 509.00 897.00 NOTE

Check Details

Version: 1.0
Check: installed package size
Result: NOTE
     installed size is 7.9Mb
     sub-directories of 1Mb or more:
     R 7.1Mb
Flavors: r-devel-linux-x86_64-fedora-clang, r-devel-windows-ix86+x86_64, r-patched-solaris-x86, r-release-macos-x86_64, r-release-windows-ix86+x86_64, r-oldrel-macos-x86_64, r-oldrel-windows-ix86+x86_64