CRAN Package Check Results for Package SLOPE

Last updated on 2020-10-11 01:47:33 CEST.

Flavor Version Tinstall Tcheck Ttotal Status Flags
r-devel-linux-x86_64-debian-clang 0.3.2 88.69 126.97 215.66 OK
r-devel-linux-x86_64-debian-gcc 0.3.2 72.09 95.52 167.61 OK
r-devel-linux-x86_64-fedora-clang 0.3.2 297.37 NOTE
r-devel-linux-x86_64-fedora-gcc 0.3.2 274.66 OK
r-devel-windows-ix86+x86_64 0.3.2 184.00 231.00 415.00 OK
r-patched-linux-x86_64 0.3.2 88.02 121.03 209.05 OK
r-patched-solaris-x86 0.3.2 327.70 OK
r-release-linux-x86_64 0.3.2 80.19 120.90 201.09 OK
r-release-macos-x86_64 0.3.2 NOTE
r-release-windows-ix86+x86_64 0.3.2 135.00 272.00 407.00 OK
r-oldrel-macos-x86_64 0.3.2 NOTE
r-oldrel-windows-ix86+x86_64 0.3.2 167.00 267.00 434.00 OK

Check Details

Version: 0.3.2
Check: installed package size
Result: NOTE
     installed size is 9.0Mb
     sub-directories of 1Mb or more:
     libs 8.6Mb
Flavors: r-devel-linux-x86_64-fedora-clang, r-release-macos-x86_64, r-oldrel-macos-x86_64