CRAN Package Check Results for Package SNPassoc

Last updated on 2020-10-11 01:47:33 CEST.

Flavor Version Tinstall Tcheck Ttotal Status Flags
r-devel-linux-x86_64-debian-clang 2.0-0 21.23 239.00 260.23 OK
r-devel-linux-x86_64-debian-gcc 2.0-0 15.72 175.97 191.69 OK
r-devel-linux-x86_64-fedora-clang 2.0-0 313.07 OK
r-devel-linux-x86_64-fedora-gcc 2.0-0 328.28 OK
r-devel-windows-ix86+x86_64 2.0-0 45.00 227.00 272.00 OK
r-patched-linux-x86_64 2.0-0 14.83 225.46 240.29 OK
r-patched-solaris-x86 2.0-0 298.60 WARN
r-release-linux-x86_64 2.0-0 14.53 222.08 236.61 OK
r-release-macos-x86_64 2.0-0 WARN
r-release-windows-ix86+x86_64 2.0-0 29.00 205.00 234.00 WARN
r-oldrel-macos-x86_64 2.0-0 ERROR

Check Details

Version: 2.0-0
Check: re-building of vignette outputs
Result: WARN
    Error(s) in re-building vignettes:
     ...
    --- re-building ‘SNPassoc.Rmd’ using rmarkdown
    Warning in engine$weave(file, quiet = quiet, encoding = enc) :
     Pandoc (>= 1.12.3) and/or pandoc-citeproc not available. Falling back to R Markdown v1.
    Quitting from lines 2-26 (SNPassoc.Rmd)
    Error: processing vignette 'SNPassoc.Rmd' failed with diagnostics:
    could not find function "pkg_ver"
    --- failed re-building ‘SNPassoc.Rmd’
    
    SUMMARY: processing the following file failed:
     ‘SNPassoc.Rmd’
    
    Error: Vignette re-building failed.
    Execution halted
Flavors: r-patched-solaris-x86, r-release-macos-x86_64

Version: 2.0-0
Check: re-building of vignette outputs
Result: WARN
    Error(s) in re-building vignettes:
    --- re-building 'SNPassoc.Rmd' using rmarkdown
    Quitting from lines 28-29 (SNPassoc.Rmd)
    Error: processing vignette 'SNPassoc.Rmd' failed with diagnostics:
    argument is of length zero
    --- failed re-building 'SNPassoc.Rmd'
    
    SUMMARY: processing the following file failed:
     'SNPassoc.Rmd'
    
    Error: Vignette re-building failed.
    Execution halted
Flavor: r-release-windows-ix86+x86_64

Version: 2.0-0
Check: package dependencies
Result: NOTE
    Package suggested but not available for checking: ‘BiocStyle’
Flavor: r-oldrel-macos-x86_64

Version: 2.0-0
Check: whether package can be installed
Result: ERROR
    Installation failed.
Flavor: r-oldrel-macos-x86_64