Last updated on 2020-10-11 01:47:33 CEST.
Flavor | Version | Tinstall | Tcheck | Ttotal | Status | Flags |
---|---|---|---|---|---|---|
r-devel-linux-x86_64-debian-clang | 2020.1.1 | 83.55 | 95.00 | 178.55 | OK | |
r-devel-linux-x86_64-debian-gcc | 2020.1.1 | 64.43 | 74.02 | 138.45 | OK | |
r-devel-linux-x86_64-fedora-clang | 2020.1.1 | 243.95 | NOTE | |||
r-devel-linux-x86_64-fedora-gcc | 2020.1.1 | 230.71 | OK | |||
r-devel-windows-ix86+x86_64 | 2020.1.1 | 140.00 | 134.00 | 274.00 | NOTE | |
r-patched-linux-x86_64 | 2020.1.1 | 72.99 | 90.72 | 163.71 | OK | |
r-patched-solaris-x86 | 2020.1.1 | 228.30 | OK | |||
r-release-linux-x86_64 | 2020.1.1 | 77.27 | 90.96 | 168.23 | OK | |
r-release-macos-x86_64 | 2020.1.1 | NOTE | ||||
r-release-windows-ix86+x86_64 | 2020.1.1 | 113.00 | 170.00 | 283.00 | NOTE | |
r-oldrel-macos-x86_64 | 2020.1.1 | NOTE | ||||
r-oldrel-windows-ix86+x86_64 | 2020.1.1 | 136.00 | 156.00 | 292.00 | NOTE |
Version: 2020.1.1
Check: installed package size
Result: NOTE
installed size is 18.6Mb
sub-directories of 1Mb or more:
libs 17.9Mb
Flavors: r-devel-linux-x86_64-fedora-clang, r-devel-windows-ix86+x86_64, r-release-macos-x86_64, r-release-windows-ix86+x86_64, r-oldrel-macos-x86_64, r-oldrel-windows-ix86+x86_64