Last updated on 2020-10-11 01:47:34 CEST.
Flavor | Version | Tinstall | Tcheck | Ttotal | Status | Flags |
---|---|---|---|---|---|---|
r-devel-linux-x86_64-debian-clang | 0.2.1 | 35.41 | 26.93 | 62.34 | OK | |
r-devel-linux-x86_64-debian-gcc | 0.2.1 | 26.61 | 21.32 | 47.93 | OK | |
r-devel-linux-x86_64-fedora-clang | 0.2.1 | 94.78 | NOTE | |||
r-devel-linux-x86_64-fedora-gcc | 0.2.1 | 79.24 | NOTE | |||
r-devel-windows-ix86+x86_64 | 0.2.1 | 81.00 | 61.00 | 142.00 | OK | |
r-patched-linux-x86_64 | 0.2.1 | 32.85 | 26.54 | 59.39 | OK | |
r-patched-solaris-x86 | 0.2.1 | 83.60 | NOTE | |||
r-release-linux-x86_64 | 0.2.1 | 29.73 | 26.16 | 55.89 | OK | |
r-release-macos-x86_64 | 0.2.1 | NOTE | ||||
r-release-windows-ix86+x86_64 | 0.2.1 | 64.00 | 78.00 | 142.00 | OK | |
r-oldrel-macos-x86_64 | 0.2.1 | NOTE | ||||
r-oldrel-windows-ix86+x86_64 | 0.2.1 | 72.00 | 72.00 | 144.00 | OK |
Version: 0.2.1
Check: dependencies in R code
Result: NOTE
Namespace in Imports field not imported from: ‘MASS’
All declared Imports should be used.
Flavors: r-devel-linux-x86_64-fedora-clang, r-devel-linux-x86_64-fedora-gcc, r-patched-solaris-x86, r-release-macos-x86_64, r-oldrel-macos-x86_64
Version: 0.2.1
Check: package dependencies
Result: NOTE
Package suggested but not available for checking: ‘gifski’
Flavor: r-patched-solaris-x86