CRAN Package Check Results for Package Sleuth2

Last updated on 2020-10-11 01:47:33 CEST.

Flavor Version Tinstall Tcheck Ttotal Status Flags
r-devel-linux-x86_64-debian-clang 2.0-5 4.90 245.26 250.16 OK
r-devel-linux-x86_64-debian-gcc 2.0-5 3.41 183.64 187.05 OK
r-devel-linux-x86_64-fedora-clang 2.0-5 300.35 OK
r-devel-linux-x86_64-fedora-gcc 2.0-5 327.67 OK
r-devel-windows-ix86+x86_64 2.0-5 10.00 279.00 289.00 OK
r-patched-linux-x86_64 2.0-5 4.38 236.08 240.46 OK
r-patched-solaris-x86 2.0-5 368.60 NOTE
r-release-linux-x86_64 2.0-5 4.40 234.69 239.09 OK
r-release-macos-x86_64 2.0-5 OK
r-release-windows-ix86+x86_64 2.0-5 7.00 380.00 387.00 OK
r-oldrel-macos-x86_64 2.0-5 OK
r-oldrel-windows-ix86+x86_64 2.0-5 8.00 379.00 387.00 OK

Check Details

Version: 2.0-5
Check: installed package size
Result: NOTE
     installed size is 5.0Mb
     sub-directories of 1Mb or more:
     doc 4.2Mb
Flavor: r-patched-solaris-x86