CRAN Package Check Results for Package Sleuth3

Last updated on 2020-10-11 01:47:33 CEST.

Flavor Version Tinstall Tcheck Ttotal Status Flags
r-devel-linux-x86_64-debian-clang 1.0-3 5.36 266.79 272.15 OK
r-devel-linux-x86_64-debian-gcc 1.0-3 4.13 199.36 203.49 OK
r-devel-linux-x86_64-fedora-clang 1.0-3 322.63 NOTE
r-devel-linux-x86_64-fedora-gcc 1.0-3 356.22 OK
r-devel-windows-ix86+x86_64 1.0-3 11.00 328.00 339.00 NOTE
r-patched-linux-x86_64 1.0-3 5.50 256.25 261.75 OK
r-patched-solaris-x86 1.0-3 395.70 NOTE
r-release-linux-x86_64 1.0-3 5.21 255.07 260.28 OK
r-release-macos-x86_64 1.0-3 NOTE
r-release-windows-ix86+x86_64 1.0-3 10.00 442.00 452.00 NOTE
r-oldrel-macos-x86_64 1.0-3 NOTE
r-oldrel-windows-ix86+x86_64 1.0-3 9.00 433.00 442.00 NOTE

Check Details

Version: 1.0-3
Check: installed package size
Result: NOTE
     installed size is 5.1Mb
     sub-directories of 1Mb or more:
     doc 3.7Mb
Flavors: r-devel-linux-x86_64-fedora-clang, r-devel-windows-ix86+x86_64, r-patched-solaris-x86, r-release-macos-x86_64, r-release-windows-ix86+x86_64, r-oldrel-macos-x86_64, r-oldrel-windows-ix86+x86_64