CRAN Package Check Results for Package SphericalCubature

Last updated on 2020-10-11 01:47:33 CEST.

Flavor Version Tinstall Tcheck Ttotal Status Flags
r-devel-linux-x86_64-debian-clang 1.4 5.33 50.92 56.25 OK
r-devel-linux-x86_64-debian-gcc 1.4 4.54 40.22 44.76 OK
r-devel-linux-x86_64-fedora-clang 1.4 75.47 OK
r-devel-linux-x86_64-fedora-gcc 1.4 67.07 OK
r-devel-windows-ix86+x86_64 1.4 13.00 62.00 75.00 OK
r-patched-linux-x86_64 1.4 5.44 48.95 54.39 OK
r-patched-solaris-x86 1.4 97.10 OK
r-release-linux-x86_64 1.4 4.92 48.84 53.76 OK
r-release-macos-x86_64 1.4 OK
r-release-windows-ix86+x86_64 1.4 11.00 78.00 89.00 OK
r-oldrel-macos-x86_64 1.4 WARN
r-oldrel-windows-ix86+x86_64 1.4 10.00 61.00 71.00 OK

Check Details

Version: 1.4
Check: whether package can be installed
Result: WARN
    Found the following significant warnings:
     Warning: 'rgl_init' failed, running with rgl.useNULL = TRUE
Flavor: r-oldrel-macos-x86_64