Last updated on 2020-10-11 01:47:34 CEST.
Flavor | Version | Tinstall | Tcheck | Ttotal | Status | Flags |
---|---|---|---|---|---|---|
r-devel-linux-x86_64-debian-clang | 2.21.0-6 | 30.81 | 511.89 | 542.70 | OK | |
r-devel-linux-x86_64-debian-gcc | 2.21.0-6 | 20.58 | 379.98 | 400.56 | OK | |
r-devel-linux-x86_64-fedora-clang | 2.21.0-6 | 617.44 | NOTE | |||
r-devel-linux-x86_64-fedora-gcc | 2.21.0-6 | 631.81 | OK | |||
r-devel-windows-ix86+x86_64 | 2.21.0-6 | 93.00 | 425.00 | 518.00 | NOTE | |
r-patched-linux-x86_64 | 2.21.0-6 | 23.42 | 521.51 | 544.93 | OK | |
r-patched-solaris-x86 | 2.21.0-6 | 1184.10 | NOTE | |||
r-release-linux-x86_64 | 2.21.0-6 | 25.85 | 524.02 | 549.87 | OK | |
r-release-macos-x86_64 | 2.21.0-6 | NOTE | ||||
r-release-windows-ix86+x86_64 | 2.21.0-6 | 84.00 | 549.00 | 633.00 | NOTE | |
r-oldrel-macos-x86_64 | 2.21.0-6 | NOTE | ||||
r-oldrel-windows-ix86+x86_64 | 2.21.0-6 | 90.00 | 519.00 | 609.00 | NOTE |
Version: 2.21.0-6
Check: installed package size
Result: NOTE
installed size is 13.8Mb
sub-directories of 1Mb or more:
include 10.7Mb
lib 2.9Mb
Flavors: r-devel-linux-x86_64-fedora-clang, r-devel-windows-ix86+x86_64, r-patched-solaris-x86, r-release-macos-x86_64, r-release-windows-ix86+x86_64, r-oldrel-macos-x86_64, r-oldrel-windows-ix86+x86_64