CRAN Package Check Results for Package StepwiseTest

Last updated on 2020-10-11 01:47:34 CEST.

Flavor Version Tinstall Tcheck Ttotal Status Flags
r-devel-linux-x86_64-debian-clang 1.0 34.91 23.83 58.74 OK
r-devel-linux-x86_64-debian-gcc 1.0 23.52 18.94 42.46 OK
r-devel-linux-x86_64-fedora-clang 1.0 83.40 NOTE
r-devel-linux-x86_64-fedora-gcc 1.0 72.17 NOTE
r-devel-windows-ix86+x86_64 1.0 76.00 54.00 130.00 OK
r-patched-linux-x86_64 1.0 28.92 23.07 51.99 OK
r-patched-solaris-x86 1.0 83.60 OK
r-release-linux-x86_64 1.0 29.97 23.10 53.07 OK
r-release-macos-x86_64 1.0 OK
r-release-windows-ix86+x86_64 1.0 56.00 72.00 128.00 OK
r-oldrel-macos-x86_64 1.0 OK
r-oldrel-windows-ix86+x86_64 1.0 66.00 45.00 111.00 OK

Check Details

Version: 1.0
Check: compiled code
Result: NOTE
    File ‘StepwiseTest/libs/StepwiseTest.so’:
     Found no calls to: ‘R_registerRoutines’, ‘R_useDynamicSymbols’
    
    It is good practice to register native routines and to disable symbol
    search.
    
    See ‘Writing portable packages’ in the ‘Writing R Extensions’ manual.
Flavors: r-devel-linux-x86_64-fedora-clang, r-devel-linux-x86_64-fedora-gcc