Last updated on 2020-10-11 01:47:34 CEST.
Flavor | Version | Tinstall | Tcheck | Ttotal | Status | Flags |
---|---|---|---|---|---|---|
r-devel-linux-x86_64-debian-clang | 0.1.0 | 105.61 | 144.46 | 250.07 | OK | |
r-devel-linux-x86_64-debian-gcc | 0.1.0 | 81.80 | 109.27 | 191.07 | OK | |
r-devel-linux-x86_64-fedora-clang | 0.1.0 | 326.65 | NOTE | |||
r-devel-linux-x86_64-fedora-gcc | 0.1.0 | 303.06 | OK | |||
r-devel-windows-ix86+x86_64 | 0.1.0 | 242.00 | 256.00 | 498.00 | OK | |
r-patched-linux-x86_64 | 0.1.0 | 79.48 | 133.76 | 213.24 | OK | |
r-patched-solaris-x86 | 0.1.0 | 334.70 | OK | |||
r-release-linux-x86_64 | 0.1.0 | 93.17 | 134.55 | 227.72 | OK | |
r-release-macos-x86_64 | 0.1.0 | OK | ||||
r-release-windows-ix86+x86_64 | 0.1.0 | 168.00 | 175.00 | 343.00 | OK | |
r-oldrel-macos-x86_64 | 0.1.0 | WARN | ||||
r-oldrel-windows-ix86+x86_64 | 0.1.0 | 201.00 | 226.00 | 427.00 | OK |
Version: 0.1.0
Check: installed package size
Result: NOTE
installed size is 5.1Mb
sub-directories of 1Mb or more:
libs 4.9Mb
Flavor: r-devel-linux-x86_64-fedora-clang
Version: 0.1.0
Check: whether package can be installed
Result: WARN
Found the following significant warnings:
Warning: 'rgl.init' failed, running with 'rgl.useNULL = TRUE'.
Flavor: r-oldrel-macos-x86_64
Version: 0.1.0
Check: Rd files
Result: WARN
prepare_Rd: RGL: unable to open X11 display
prepare_Rd: 'rgl.init' failed, running with 'rgl.useNULL = TRUE'.
Flavor: r-oldrel-macos-x86_64