CRAN Package Check Results for Package TTCA

Last updated on 2020-10-11 01:47:35 CEST.

Flavor Version Tinstall Tcheck Ttotal Status Flags
r-devel-linux-x86_64-debian-clang 0.1.1 14.24 90.49 104.73 OK
r-devel-linux-x86_64-debian-gcc 0.1.1 11.29 69.61 80.90 OK
r-devel-linux-x86_64-fedora-clang 0.1.1 135.38 OK
r-devel-linux-x86_64-fedora-gcc 0.1.1 126.30 OK
r-devel-windows-ix86+x86_64 0.1.1 27.00 91.00 118.00 OK
r-patched-linux-x86_64 0.1.1 12.38 85.45 97.83 OK
r-patched-solaris-x86 0.1.1 180.90 OK
r-release-linux-x86_64 0.1.1 14.39 85.86 100.25 OK
r-release-macos-x86_64 0.1.1 OK
r-release-windows-ix86+x86_64 0.1.1 22.00 112.00 134.00 OK
r-oldrel-macos-x86_64 0.1.1 FAIL
r-oldrel-windows-ix86+x86_64 0.1.1 24.00 134.00 158.00 OK

Check Details

Version: 0.1.1
Check: whether package can be installed
Result: FAIL
Flavor: r-oldrel-macos-x86_64