Last updated on 2020-10-11 01:47:35 CEST.
Flavor | Version | Tinstall | Tcheck | Ttotal | Status | Flags |
---|---|---|---|---|---|---|
r-devel-linux-x86_64-debian-clang | 0.3.1 | 2.65 | 26.78 | 29.43 | NOTE | |
r-devel-linux-x86_64-debian-gcc | 0.3.1 | 1.92 | 20.85 | 22.77 | NOTE | |
r-devel-linux-x86_64-fedora-clang | 0.3.1 | 45.64 | NOTE | |||
r-devel-linux-x86_64-fedora-gcc | 0.3.1 | 37.92 | NOTE | |||
r-devel-windows-ix86+x86_64 | 0.3.1 | 6.00 | 36.00 | 42.00 | NOTE | |
r-patched-linux-x86_64 | 0.3.1 | 2.26 | 26.05 | 28.31 | NOTE | |
r-patched-solaris-x86 | 0.3.1 | 53.70 | NOTE | |||
r-release-linux-x86_64 | 0.3.1 | 2.31 | 26.44 | 28.75 | NOTE | |
r-release-macos-x86_64 | 0.3.1 | NOTE | ||||
r-release-windows-ix86+x86_64 | 0.3.1 | 5.00 | 46.00 | 51.00 | NOTE | |
r-oldrel-macos-x86_64 | 0.3.1 | NOTE | ||||
r-oldrel-windows-ix86+x86_64 | 0.3.1 | 4.00 | 41.00 | 45.00 | NOTE |
Version: 0.3.1
Check: package dependencies
Result: NOTE
Package suggested but not available for checking: 'USAboundariesData'
Flavors: r-devel-linux-x86_64-debian-clang, r-devel-linux-x86_64-debian-gcc, r-devel-linux-x86_64-fedora-clang, r-devel-linux-x86_64-fedora-gcc, r-devel-windows-ix86+x86_64, r-patched-linux-x86_64, r-patched-solaris-x86, r-release-linux-x86_64, r-release-macos-x86_64, r-release-windows-ix86+x86_64, r-oldrel-macos-x86_64, r-oldrel-windows-ix86+x86_64