Last updated on 2020-10-11 01:47:36 CEST.
Flavor | Version | Tinstall | Tcheck | Ttotal | Status | Flags |
---|---|---|---|---|---|---|
r-devel-linux-x86_64-debian-clang | 1.1-3 | 100.77 | 643.14 | 743.91 | OK | |
r-devel-linux-x86_64-debian-gcc | 1.1-3 | 84.12 | 473.63 | 557.75 | OK | |
r-devel-linux-x86_64-fedora-clang | 1.1-3 | 883.79 | NOTE | |||
r-devel-linux-x86_64-fedora-gcc | 1.1-3 | 881.73 | OK | |||
r-devel-windows-ix86+x86_64 | 1.1-3 | 183.00 | 816.00 | 999.00 | NOTE | |
r-patched-linux-x86_64 | 1.1-3 | 100.30 | 607.27 | 707.57 | OK | |
r-patched-solaris-x86 | 1.1-3 | 1035.50 | NOTE | |||
r-release-linux-x86_64 | 1.1-3 | 101.05 | 601.15 | 702.20 | OK | |
r-release-macos-x86_64 | 1.1-3 | NOTE | ||||
r-release-windows-ix86+x86_64 | 1.1-3 | 146.00 | 985.00 | 1131.00 | NOTE | |
r-oldrel-macos-x86_64 | 1.1-3 | WARN | ||||
r-oldrel-windows-ix86+x86_64 | 1.1-3 | 174.00 | 840.00 | 1014.00 | WARN |
Version: 1.1-3
Check: installed package size
Result: NOTE
installed size is 9.5Mb
sub-directories of 1Mb or more:
R 4.0Mb
doc 1.2Mb
help 2.9Mb
Flavors: r-devel-linux-x86_64-fedora-clang, r-devel-windows-ix86+x86_64, r-patched-solaris-x86, r-release-macos-x86_64, r-release-windows-ix86+x86_64, r-oldrel-macos-x86_64, r-oldrel-windows-ix86+x86_64
Version: 1.1-3
Check: Rd cross-references
Result: NOTE
Undeclared packages ‘car’, ‘gam’, ‘lmtest’ in Rd xrefs
Flavor: r-devel-linux-x86_64-fedora-clang
Version: 1.1-3
Check: Rd cross-references
Result: WARN
Missing link or links in documentation object 'plotrcim0.Rd':
‘[base:plot]{plot}’
See section 'Cross-references' in the 'Writing R Extensions' manual.
Flavors: r-oldrel-macos-x86_64, r-oldrel-windows-ix86+x86_64