Last updated on 2020-10-11 01:47:36 CEST.
Flavor | Version | Tinstall | Tcheck | Ttotal | Status | Flags |
---|---|---|---|---|---|---|
r-devel-linux-x86_64-debian-clang | 0.3.0 | 3.87 | 38.75 | 42.62 | NOTE | |
r-devel-linux-x86_64-debian-gcc | 0.3.0 | 2.99 | 29.60 | 32.59 | NOTE | |
r-devel-linux-x86_64-fedora-clang | 0.3.0 | 59.85 | OK | |||
r-devel-linux-x86_64-fedora-gcc | 0.3.0 | 50.40 | OK | |||
r-devel-windows-ix86+x86_64 | 0.3.0 | 10.00 | 44.00 | 54.00 | NOTE | |
r-patched-linux-x86_64 | 0.3.0 | 3.56 | 36.37 | 39.93 | NOTE | |
r-patched-solaris-x86 | 0.3.0 | 74.50 | OK | |||
r-release-linux-x86_64 | 0.3.0 | 3.67 | 36.54 | 40.21 | NOTE | |
r-release-macos-x86_64 | 0.3.0 | OK | ||||
r-release-windows-ix86+x86_64 | 0.3.0 | 8.00 | 41.00 | 49.00 | NOTE | |
r-oldrel-macos-x86_64 | 0.3.0 | OK | ||||
r-oldrel-windows-ix86+x86_64 | 0.3.0 | 7.00 | 53.00 | 60.00 | OK |
Version: 0.3.0
Check: package vignettes
Result: NOTE
Package vignette with placeholder title 'Vignette Title':
'intro-to-varbundle.Rmd'
Flavors: r-devel-linux-x86_64-debian-clang, r-devel-linux-x86_64-debian-gcc, r-devel-windows-ix86+x86_64, r-patched-linux-x86_64, r-release-linux-x86_64, r-release-windows-ix86+x86_64