Last updated on 2020-10-11 01:47:36 CEST.
Flavor | Version | Tinstall | Tcheck | Ttotal | Status | Flags |
---|---|---|---|---|---|---|
r-devel-linux-x86_64-debian-clang | 1.0.12 | 103.34 | 54.60 | 157.94 | OK | |
r-devel-linux-x86_64-debian-gcc | 1.0.12 | 81.77 | 41.19 | 122.96 | OK | |
r-devel-linux-x86_64-fedora-clang | 1.0.12 | 233.01 | NOTE | |||
r-devel-linux-x86_64-fedora-gcc | 1.0.12 | 215.94 | OK | |||
r-devel-windows-ix86+x86_64 | 1.0.12 | 242.00 | 83.00 | 325.00 | OK | |
r-patched-linux-x86_64 | 1.0.12 | 100.44 | 51.07 | 151.51 | OK | |
r-patched-solaris-x86 | 1.0.12 | 202.10 | OK | |||
r-release-linux-x86_64 | 1.0.12 | 108.53 | 50.70 | 159.23 | OK | |
r-release-macos-x86_64 | 1.0.12 | NOTE | ||||
r-release-windows-ix86+x86_64 | 1.0.12 | 180.00 | 103.00 | 283.00 | OK | |
r-oldrel-macos-x86_64 | 1.0.12 | OK | ||||
r-oldrel-windows-ix86+x86_64 | 1.0.12 | 218.00 | 84.00 | 302.00 | OK |
Version: 1.0.12
Check: installed package size
Result: NOTE
installed size is 6.6Mb
sub-directories of 1Mb or more:
libs 6.1Mb
Flavors: r-devel-linux-x86_64-fedora-clang, r-release-macos-x86_64