CRAN Package Check Results for Package Yamm

Last updated on 2020-10-11 01:47:36 CEST.

Flavor Version Tinstall Tcheck Ttotal Status Flags
r-devel-linux-x86_64-debian-clang 1.3.1 11.74 103.11 114.85 OK
r-devel-linux-x86_64-debian-gcc 1.3.1 9.14 80.22 89.36 OK
r-devel-linux-x86_64-fedora-clang 1.3.1 143.83 OK
r-devel-linux-x86_64-fedora-gcc 1.3.1 132.87 OK
r-devel-windows-ix86+x86_64 1.3.1 31.00 144.00 175.00 OK
r-patched-linux-x86_64 1.3.1 11.12 95.85 106.97 OK
r-patched-solaris-x86 1.3.1 202.30 OK
r-release-linux-x86_64 1.3.1 12.51 94.90 107.41 OK
r-release-macos-x86_64 1.3.1 OK
r-release-windows-ix86+x86_64 1.3.1 23.00 176.00 199.00 OK
r-oldrel-macos-x86_64 1.3.1 WARN
r-oldrel-windows-ix86+x86_64 1.3.1 25.00 123.00 148.00 OK

Check Details

Version: 1.3.1
Check: whether package can be installed
Result: WARN
    Found the following significant warnings:
     Warning: 'rgl.init' failed, running with 'rgl.useNULL = TRUE'.
Flavor: r-oldrel-macos-x86_64