CRAN Package Check Results for Package abcrf

Last updated on 2020-10-11 01:47:14 CEST.

Flavor Version Tinstall Tcheck Ttotal Status Flags
r-devel-linux-x86_64-debian-clang 1.8.1 78.03 85.33 163.36 OK
r-devel-linux-x86_64-debian-gcc 1.8.1 59.04 65.42 124.46 OK
r-devel-linux-x86_64-fedora-clang 1.8.1 228.46 NOTE
r-devel-linux-x86_64-fedora-gcc 1.8.1 203.43 OK
r-devel-windows-ix86+x86_64 1.8.1 185.00 133.00 318.00 NOTE
r-patched-linux-x86_64 1.8.1 76.63 79.40 156.03 OK
r-patched-solaris-x86 1.8.1 243.80 OK
r-release-linux-x86_64 1.8.1 75.53 78.21 153.74 OK
r-release-macos-x86_64 1.8.1 NOTE
r-release-windows-ix86+x86_64 1.8.1 128.00 120.00 248.00 NOTE
r-oldrel-macos-x86_64 1.8.1 NOTE
r-oldrel-windows-ix86+x86_64 1.8.1 167.00 146.00 313.00 OK

Check Details

Version: 1.8.1
Check: installed package size
Result: NOTE
     installed size is 5.7Mb
     sub-directories of 1Mb or more:
     data 2.6Mb
     libs 2.9Mb
Flavors: r-devel-linux-x86_64-fedora-clang, r-devel-windows-ix86+x86_64, r-release-macos-x86_64, r-release-windows-ix86+x86_64, r-oldrel-macos-x86_64