Last updated on 2020-10-11 01:47:14 CEST.
Flavor | Version | Tinstall | Tcheck | Ttotal | Status | Flags |
---|---|---|---|---|---|---|
r-devel-linux-x86_64-debian-clang | 0.3.1 | 2.71 | 26.37 | 29.08 | OK | |
r-devel-linux-x86_64-debian-gcc | 0.3.1 | 1.95 | 20.56 | 22.51 | OK | |
r-devel-linux-x86_64-fedora-clang | 0.3.1 | 43.80 | NOTE | |||
r-devel-linux-x86_64-fedora-gcc | 0.3.1 | 34.00 | OK | |||
r-devel-windows-ix86+x86_64 | 0.3.1 | 7.00 | 56.00 | 63.00 | OK | |
r-patched-linux-x86_64 | 0.3.1 | 2.32 | 25.17 | 27.49 | OK | |
r-patched-solaris-x86 | 0.3.1 | 51.90 | OK | |||
r-release-linux-x86_64 | 0.3.1 | 2.57 | 25.39 | 27.96 | OK | |
r-release-macos-x86_64 | 0.3.1 | OK | ||||
r-release-windows-ix86+x86_64 | 0.3.1 | 4.00 | 44.00 | 48.00 | OK | |
r-oldrel-macos-x86_64 | 0.3.1 | ERROR | ||||
r-oldrel-windows-ix86+x86_64 | 0.2.3 | 7.00 | 42.00 | 49.00 | NOTE |
Version: 0.3.1
Check: Rd cross-references
Result: NOTE
Undeclared package ‘httr’ in Rd xrefs
Flavor: r-devel-linux-x86_64-fedora-clang
Version: 0.3.1
Check: whether package can be installed
Result: ERROR
Installation failed.
Flavor: r-oldrel-macos-x86_64
Version: 0.2.3
Check: dependencies in R code
Result: NOTE
Missing or unexported object: 'devtools::use_package'
Flavor: r-oldrel-windows-ix86+x86_64