CRAN Package Check Results for Package adehabitatLT

Last updated on 2020-10-11 01:47:15 CEST.

Flavor Version Tinstall Tcheck Ttotal Status Flags
r-devel-linux-x86_64-debian-clang 0.3.25 17.64 120.26 137.90 OK
r-devel-linux-x86_64-debian-gcc 0.3.25 12.60 97.93 110.53 OK
r-devel-linux-x86_64-fedora-clang 0.3.25 173.31 OK
r-devel-linux-x86_64-fedora-gcc 0.3.25 177.80 OK
r-devel-windows-ix86+x86_64 0.3.25 32.00 206.00 238.00 OK
r-patched-linux-x86_64 0.3.25 13.79 122.07 135.86 OK
r-patched-solaris-x86 0.3.25 274.90 OK
r-release-linux-x86_64 0.3.25 16.28 121.74 138.02 OK
r-release-macos-x86_64 0.3.25 OK
r-release-windows-ix86+x86_64 0.3.25 22.00 133.00 155.00 OK
r-oldrel-macos-x86_64 0.3.25 NOTE
r-oldrel-windows-ix86+x86_64 0.3.25 30.00 155.00 185.00 OK

Check Details

Version: 0.3.25
Check: dependencies in R code
Result: NOTE
    No protocol specified
    No protocol specified
    No protocol specified
    No protocol specified
Flavor: r-oldrel-macos-x86_64