Last updated on 2020-10-11 01:47:15 CEST.
Flavor | Version | Tinstall | Tcheck | Ttotal | Status | Flags |
---|---|---|---|---|---|---|
r-devel-linux-x86_64-debian-clang | 0.5.99 | 10.22 | 142.49 | 152.71 | OK | |
r-devel-linux-x86_64-debian-gcc | 0.5.99 | 7.85 | 108.27 | 116.12 | OK | |
r-devel-linux-x86_64-fedora-clang | 0.5.99 | 197.64 | OK | |||
r-devel-linux-x86_64-fedora-gcc | 0.5.99 | 194.80 | OK | |||
r-devel-windows-ix86+x86_64 | 0.5.99 | 22.00 | 195.00 | 217.00 | OK | |
r-patched-linux-x86_64 | 0.5.99 | 7.87 | 134.35 | 142.22 | OK | |
r-patched-solaris-x86 | 0.5.99 | 269.00 | OK | |||
r-release-linux-x86_64 | 0.5.99 | 9.79 | 135.51 | 145.30 | OK | |
r-release-macos-x86_64 | 0.5.99 | NOTE | ||||
r-release-windows-ix86+x86_64 | 0.5.99 | 18.00 | 239.00 | 257.00 | OK | |
r-oldrel-macos-x86_64 | 0.5.99 | NOTE | ||||
r-oldrel-windows-ix86+x86_64 | 0.5.99 | 20.00 | 231.00 | 251.00 | OK |
Version: 0.5.99
Check: package dependencies
Result: NOTE
Package suggested but not available for checking: ‘HiTC’
Flavors: r-release-macos-x86_64, r-oldrel-macos-x86_64