Last updated on 2020-10-11 01:47:15 CEST.
Flavor | Version | Tinstall | Tcheck | Ttotal | Status | Flags |
---|---|---|---|---|---|---|
r-devel-linux-x86_64-debian-clang | 1.0.2 | 52.66 | 42.49 | 95.15 | OK | |
r-devel-linux-x86_64-debian-gcc | 1.0.2 | 43.50 | 34.18 | 77.68 | OK | |
r-devel-linux-x86_64-fedora-clang | 1.0.2 | 139.88 | NOTE | |||
r-devel-linux-x86_64-fedora-gcc | 1.0.2 | 125.44 | OK | |||
r-devel-windows-ix86+x86_64 | 1.0.2 | 118.00 | 80.00 | 198.00 | OK | |
r-patched-linux-x86_64 | 1.0.2 | 50.39 | 41.24 | 91.63 | OK | |
r-patched-solaris-x86 | 1.0.2 | 128.60 | OK | |||
r-release-linux-x86_64 | 1.0.2 | 49.72 | 41.22 | 90.94 | OK | |
r-release-macos-x86_64 | 1.0.2 | OK | ||||
r-release-windows-ix86+x86_64 | 1.0.2 | 95.00 | 96.00 | 191.00 | OK | |
r-oldrel-macos-x86_64 | 1.0.2 | WARN | ||||
r-oldrel-windows-ix86+x86_64 | 1.0.2 | 103.00 | 69.00 | 172.00 | OK |
Version: 1.0.2
Check: installed package size
Result: NOTE
installed size is 5.1Mb
sub-directories of 1Mb or more:
libs 4.3Mb
Flavor: r-devel-linux-x86_64-fedora-clang
Version: 1.0.2
Check: whether package can be installed
Result: WARN
Found the following significant warnings:
Warning: 'rgl_init' failed, running with rgl.useNULL = TRUE
Flavor: r-oldrel-macos-x86_64