CRAN Package Check Results for Package agRee

Last updated on 2020-10-11 01:47:15 CEST.

Flavor Version Tinstall Tcheck Ttotal Status Flags
r-devel-linux-x86_64-debian-clang 0.5-3 10.01 85.50 95.51 OK
r-devel-linux-x86_64-debian-gcc 0.5-3 9.52 66.47 75.99 OK
r-devel-linux-x86_64-fedora-clang 0.5-3 122.47 NOTE
r-devel-linux-x86_64-fedora-gcc 0.5-3 116.02 OK
r-devel-windows-ix86+x86_64 0.5-3 25.00 89.00 114.00 OK
r-patched-linux-x86_64 0.5-3 9.72 80.86 90.58 OK
r-patched-solaris-x86 0.5-3 175.30 OK
r-release-linux-x86_64 0.5-3 9.70 80.12 89.82 OK
r-release-macos-x86_64 0.5-3 OK
r-release-windows-ix86+x86_64 0.5-3 19.00 113.00 132.00 OK
r-oldrel-macos-x86_64 0.5-3 OK
r-oldrel-windows-ix86+x86_64 0.5-3 21.00 100.00 121.00 OK

Check Details

Version: 0.5-3
Check: Rd cross-references
Result: NOTE
    Undeclared packages ‘epiR’, ‘cccrm’ in Rd xrefs
Flavor: r-devel-linux-x86_64-fedora-clang