CRAN Package Check Results for Package algaeClassify

Last updated on 2020-10-11 01:47:15 CEST.

Flavor Version Tinstall Tcheck Ttotal Status Flags
r-devel-linux-x86_64-debian-clang 1.2.0 5.07 44.55 49.62 OK
r-devel-linux-x86_64-debian-gcc 1.2.0 4.24 34.85 39.09 OK
r-devel-linux-x86_64-fedora-clang 1.2.0 69.38 NOTE
r-devel-linux-x86_64-fedora-gcc 1.2.0 58.83 NOTE
r-devel-windows-ix86+x86_64 1.2.0 12.00 57.00 69.00 OK
r-patched-linux-x86_64 1.2.0 4.76 43.11 47.87 OK
r-patched-solaris-x86 1.2.0 87.40 NOTE
r-release-linux-x86_64 1.2.0 5.73 42.94 48.67 OK
r-release-macos-x86_64 1.2.0 NOTE
r-release-windows-ix86+x86_64 1.2.0 10.00 68.00 78.00 OK
r-oldrel-macos-x86_64 1.2.0 NOTE
r-oldrel-windows-ix86+x86_64 1.2.0 11.00 48.00 59.00 OK

Check Details

Version: 1.2.0
Check: dependencies in R code
Result: NOTE
    Namespace in Imports field not imported from: ‘taxize’
     All declared Imports should be used.
Flavors: r-devel-linux-x86_64-fedora-clang, r-devel-linux-x86_64-fedora-gcc, r-patched-solaris-x86, r-release-macos-x86_64, r-oldrel-macos-x86_64