Last updated on 2020-10-11 01:47:15 CEST.
Flavor | Version | Tinstall | Tcheck | Ttotal | Status | Flags |
---|---|---|---|---|---|---|
r-devel-linux-x86_64-debian-clang | 0.1.3 | 69.58 | 293.42 | 363.00 | OK | |
r-devel-linux-x86_64-debian-gcc | 0.1.3 | 52.70 | 214.17 | 266.87 | OK | |
r-devel-linux-x86_64-fedora-clang | 0.1.3 | 490.81 | NOTE | |||
r-devel-linux-x86_64-fedora-gcc | 0.1.3 | 466.94 | OK | |||
r-devel-windows-ix86+x86_64 | 0.1.3 | 161.00 | 571.00 | 732.00 | OK | |
r-patched-linux-x86_64 | 0.1.3 | 64.88 | 272.61 | 337.49 | OK | |
r-patched-solaris-x86 | 0.1.3 | 571.60 | OK | |||
r-release-linux-x86_64 | 0.1.3 | 63.84 | 273.38 | 337.22 | OK | |
r-release-macos-x86_64 | 0.1.3 | OK | ||||
r-release-windows-ix86+x86_64 | 0.1.3 | 119.00 | 398.00 | 517.00 | OK | |
r-oldrel-macos-x86_64 | 0.1.3 | OK | ||||
r-oldrel-windows-ix86+x86_64 | 0.1.3 | 141.00 | 505.00 | 646.00 | OK |
Version: 0.1.3
Check: package dependencies
Result: NOTE
Imports includes 24 non-default packages.
Importing from so many packages makes the package vulnerable to any of
them becoming unavailable. Move as many as possible to Suggests and
use conditionally.
Flavor: r-devel-linux-x86_64-fedora-clang