CRAN Package Check Results for Package anomaly

Last updated on 2020-10-11 01:47:15 CEST.

Flavor Version Tinstall Tcheck Ttotal Status Flags
r-devel-linux-x86_64-debian-clang 4.0.0 70.01 100.83 170.84 OK
r-devel-linux-x86_64-debian-gcc 4.0.0 48.26 76.09 124.35 OK
r-devel-linux-x86_64-fedora-clang 4.0.0 256.24 NOTE
r-devel-linux-x86_64-fedora-gcc 4.0.0 207.07 OK
r-devel-windows-ix86+x86_64 4.0.0 179.00 227.00 406.00 NOTE
r-patched-linux-x86_64 4.0.0 61.60 95.74 157.34 OK
r-patched-solaris-x86 4.0.0 247.30 NOTE
r-release-linux-x86_64 4.0.0 60.24 95.61 155.85 OK
r-release-macos-x86_64 4.0.0 NOTE
r-release-windows-ix86+x86_64 4.0.0 140.00 162.00 302.00 NOTE
r-oldrel-macos-x86_64 4.0.0 NOTE
r-oldrel-windows-ix86+x86_64 4.0.0 154.00 190.00 344.00 NOTE

Check Details

Version: 4.0.0
Check: installed package size
Result: NOTE
     installed size is 7.3Mb
     sub-directories of 1Mb or more:
     data 4.1Mb
     libs 2.7Mb
Flavors: r-devel-linux-x86_64-fedora-clang, r-devel-windows-ix86+x86_64, r-patched-solaris-x86, r-release-macos-x86_64, r-release-windows-ix86+x86_64, r-oldrel-macos-x86_64, r-oldrel-windows-ix86+x86_64