Last updated on 2020-10-11 01:47:15 CEST.
Flavor | Version | Tinstall | Tcheck | Ttotal | Status | Flags |
---|---|---|---|---|---|---|
r-devel-linux-x86_64-debian-clang | 2.0.5 | 8.60 | 69.37 | 77.97 | NOTE | |
r-devel-linux-x86_64-debian-gcc | 2.0.5 | 6.62 | 52.96 | 59.58 | NOTE | |
r-devel-linux-x86_64-fedora-clang | 2.0.5 | 101.40 | NOTE | |||
r-devel-linux-x86_64-fedora-gcc | 2.0.5 | 95.36 | NOTE | |||
r-devel-windows-ix86+x86_64 | 2.0.5 | 20.00 | 72.00 | 92.00 | OK | |
r-patched-linux-x86_64 | 2.0.5 | 8.27 | 65.02 | 73.29 | NOTE | |
r-patched-solaris-x86 | 2.0.5 | 126.50 | NOTE | |||
r-release-linux-x86_64 | 2.0.5 | 8.12 | 65.18 | 73.30 | NOTE | |
r-release-macos-x86_64 | 2.0.5 | OK | ||||
r-release-windows-ix86+x86_64 | 2.0.5 | 13.00 | 69.00 | 82.00 | OK | |
r-oldrel-macos-x86_64 | 2.0.5 | OK | ||||
r-oldrel-windows-ix86+x86_64 | 2.0.5 | 13.00 | 88.00 | 101.00 | OK |
Version: 2.0.5
Check: for non-standard things in the check directory
Result: NOTE
Found the following files/directories:
'ex.CorTable1.doc' 'ex1_anova_table.doc' 'ex1_d_table.doc'
'ex1_desc_table.doc' 'ex1_ez_independent.doc' 'ex2_anova_table.doc'
'ex2_desc_table.doc' 'ex2_repeated_table.doc' 'ex3_anova_table.doc'
'ex3_desc_table.doc' 'ex3_mixed_table.doc' 'exInteraction1.doc'
'exInteraction2.doc' 'exInteraction3.doc' 'exRegBlocksTable.doc'
'exRegTable.doc'
Flavors: r-devel-linux-x86_64-debian-clang, r-devel-linux-x86_64-debian-gcc, r-devel-linux-x86_64-fedora-clang, r-devel-linux-x86_64-fedora-gcc, r-patched-linux-x86_64, r-patched-solaris-x86, r-release-linux-x86_64