Last updated on 2020-10-11 01:47:15 CEST.
Flavor | Version | Tinstall | Tcheck | Ttotal | Status | Flags |
---|---|---|---|---|---|---|
r-devel-linux-x86_64-debian-clang | 1.2 | 8.85 | 87.07 | 95.92 | NOTE | |
r-devel-linux-x86_64-debian-gcc | 1.2 | 8.26 | 67.10 | 75.36 | NOTE | |
r-devel-linux-x86_64-fedora-clang | 1.2 | 131.66 | NOTE | |||
r-devel-linux-x86_64-fedora-gcc | 1.2 | 114.28 | NOTE | |||
r-devel-windows-ix86+x86_64 | 1.2 | 20.00 | 90.00 | 110.00 | OK | |
r-patched-linux-x86_64 | 1.2 | 8.19 | 81.59 | 89.78 | NOTE | |
r-patched-solaris-x86 | 1.2 | 166.50 | NOTE | |||
r-release-linux-x86_64 | 1.2 | 10.25 | 81.55 | 91.80 | NOTE | |
r-release-macos-x86_64 | 1.2 | NOTE | ||||
r-release-windows-ix86+x86_64 | 1.2 | 17.00 | 115.00 | 132.00 | OK | |
r-oldrel-macos-x86_64 | 1.2 | OK | ||||
r-oldrel-windows-ix86+x86_64 | 1.2 | 19.00 | 92.00 | 111.00 | OK |
Version: 1.2
Check: package dependencies
Result: NOTE
Package suggested but not available for checking: 'qCBA'
Flavors: r-devel-linux-x86_64-debian-clang, r-devel-linux-x86_64-debian-gcc, r-devel-linux-x86_64-fedora-clang, r-devel-linux-x86_64-fedora-gcc, r-patched-linux-x86_64, r-patched-solaris-x86, r-release-linux-x86_64, r-release-macos-x86_64