Last updated on 2020-10-11 01:47:15 CEST.
Flavor | Version | Tinstall | Tcheck | Ttotal | Status | Flags |
---|---|---|---|---|---|---|
r-devel-linux-x86_64-debian-clang | 1.0.0 | 2.62 | 34.16 | 36.78 | OK | |
r-devel-linux-x86_64-debian-gcc | 1.0.0 | 2.00 | 26.54 | 28.54 | OK | |
r-devel-linux-x86_64-fedora-clang | 1.0.0 | 56.25 | NOTE | |||
r-devel-linux-x86_64-fedora-gcc | 1.0.0 | 49.25 | NOTE | |||
r-devel-windows-ix86+x86_64 | 1.0.0 | 10.00 | 58.00 | 68.00 | OK | |
r-patched-linux-x86_64 | 1.0.0 | 2.68 | 32.95 | 35.63 | OK | |
r-patched-solaris-x86 | 1.0.0 | 66.40 | NOTE | |||
r-release-linux-x86_64 | 1.0.0 | 2.53 | 32.94 | 35.47 | OK | |
r-release-macos-x86_64 | 1.0.0 | NOTE | ||||
r-release-windows-ix86+x86_64 | 1.0.0 | 7.00 | 59.00 | 66.00 | OK | |
r-oldrel-macos-x86_64 | 1.0.0 | NOTE | ||||
r-oldrel-windows-ix86+x86_64 | 1.0.0 | 6.00 | 52.00 | 58.00 | OK |
Version: 1.0.0
Check: dependencies in R code
Result: NOTE
Namespaces in Imports field not imported from:
‘purrr’ ‘shinyBS’ ‘shinydashboard’ ‘shinyjs’
All declared Imports should be used.
Flavors: r-devel-linux-x86_64-fedora-clang, r-devel-linux-x86_64-fedora-gcc, r-patched-solaris-x86, r-release-macos-x86_64, r-oldrel-macos-x86_64