Last updated on 2020-10-11 01:47:15 CEST.
Flavor | Version | Tinstall | Tcheck | Ttotal | Status | Flags |
---|---|---|---|---|---|---|
r-devel-linux-x86_64-debian-clang | 1.11-2 | 16.72 | 126.79 | 143.51 | OK | |
r-devel-linux-x86_64-debian-gcc | 1.11-2 | 13.19 | 95.37 | 108.56 | OK | |
r-devel-linux-x86_64-fedora-clang | 1.11-2 | 191.13 | NOTE | |||
r-devel-linux-x86_64-fedora-gcc | 1.11-2 | 169.07 | OK | |||
r-devel-windows-ix86+x86_64 | 1.11-2 | 39.00 | 125.00 | 164.00 | OK | |
r-patched-linux-x86_64 | 1.11-2 | 15.29 | 117.79 | 133.08 | OK | |
r-patched-solaris-x86 | 1.11-2 | 245.10 | OK | |||
r-release-linux-x86_64 | 1.11-2 | 16.71 | 118.04 | 134.75 | OK | |
r-release-macos-x86_64 | 1.11-2 | OK | ||||
r-release-windows-ix86+x86_64 | 1.11-2 | 27.00 | 161.00 | 188.00 | OK | |
r-oldrel-macos-x86_64 | 1.11-2 | OK | ||||
r-oldrel-windows-ix86+x86_64 | 1.11-2 | 30.00 | 146.00 | 176.00 | OK |
Version: 1.11-2
Check: Rd cross-references
Result: NOTE
Undeclared packages ‘survey’, ‘Matching’ in Rd xrefs
Flavor: r-devel-linux-x86_64-fedora-clang