CRAN Package Check Results for Package arules

Last updated on 2020-10-11 01:47:15 CEST.

Flavor Version Tinstall Tcheck Ttotal Status Flags
r-devel-linux-x86_64-debian-clang 1.6-6 29.69 154.24 183.93 OK
r-devel-linux-x86_64-debian-gcc 1.6-6 22.06 118.58 140.64 OK
r-devel-linux-x86_64-fedora-clang 1.6-6 231.06 NOTE
r-devel-linux-x86_64-fedora-gcc 1.6-6 222.88 OK
r-devel-windows-ix86+x86_64 1.6-6 61.00 229.00 290.00 OK
r-patched-linux-x86_64 1.6-6 27.32 147.58 174.90 OK
r-patched-solaris-x86 1.6-6 307.70 OK
r-release-linux-x86_64 1.6-6 24.36 146.98 171.34 OK
r-release-macos-x86_64 1.6-6 OK
r-release-windows-ix86+x86_64 1.6-6 46.00 279.00 325.00 OK
r-oldrel-macos-x86_64 1.6-6 OK
r-oldrel-windows-ix86+x86_64 1.6-6 58.00 198.00 256.00 OK

Check Details

Version: 1.6-6
Check: Rd cross-references
Result: NOTE
    Undeclared package ‘arulesCBA’ in Rd xrefs
Flavor: r-devel-linux-x86_64-fedora-clang