CRAN Package Check Results for Package asremlPlus

Last updated on 2020-10-11 01:47:15 CEST.

Flavor Version Tinstall Tcheck Ttotal Status Flags
r-devel-linux-x86_64-debian-clang 4.2-21 17.81 183.19 201.00 NOTE
r-devel-linux-x86_64-debian-gcc 4.2-21 13.47 135.26 148.73 NOTE
r-devel-linux-x86_64-fedora-clang 4.2-21 244.26 NOTE
r-devel-linux-x86_64-fedora-gcc 4.2-21 239.43 NOTE
r-devel-windows-ix86+x86_64 4.2-21 33.00 181.00 214.00 NOTE
r-patched-linux-x86_64 4.2-21 15.61 173.51 189.12 NOTE
r-patched-solaris-x86 4.2-21 291.20 NOTE
r-release-linux-x86_64 4.2-21 14.96 169.84 184.80 NOTE
r-release-macos-x86_64 4.2-21 NOTE
r-release-windows-ix86+x86_64 4.2-21 24.00 224.00 248.00 NOTE
r-oldrel-macos-x86_64 4.2-21 NOTE
r-oldrel-windows-ix86+x86_64 4.2-21 26.00 160.00 186.00 NOTE

Check Details

Version: 4.2-21
Check: package dependencies
Result: NOTE
    Package which this enhances but not available for checking: 'asreml'
Flavors: r-devel-linux-x86_64-debian-clang, r-devel-linux-x86_64-debian-gcc, r-devel-linux-x86_64-fedora-clang, r-devel-linux-x86_64-fedora-gcc, r-devel-windows-ix86+x86_64, r-patched-linux-x86_64, r-patched-solaris-x86, r-release-linux-x86_64, r-release-macos-x86_64, r-release-windows-ix86+x86_64, r-oldrel-macos-x86_64, r-oldrel-windows-ix86+x86_64