CRAN Package Check Results for Package aurelius

Last updated on 2020-10-11 01:47:15 CEST.

Flavor Version Tinstall Tcheck Ttotal Status Flags
r-devel-linux-x86_64-debian-clang 0.8.4 12.69 102.94 115.63 NOTE
r-devel-linux-x86_64-debian-gcc 0.8.4 10.38 78.91 89.29 NOTE
r-devel-linux-x86_64-fedora-clang 0.8.4 148.10 NOTE
r-devel-linux-x86_64-fedora-gcc 0.8.4 143.39 NOTE
r-devel-windows-ix86+x86_64 0.8.4 23.00 123.00 146.00 NOTE
r-patched-linux-x86_64 0.8.4 12.83 101.44 114.27 NOTE
r-patched-solaris-x86 0.8.4 191.50 NOTE
r-release-linux-x86_64 0.8.4 13.25 100.95 114.20 NOTE
r-release-macos-x86_64 0.8.4 NOTE
r-release-windows-ix86+x86_64 0.8.4 19.00 146.00 165.00 NOTE
r-oldrel-macos-x86_64 0.8.4 OK
r-oldrel-windows-ix86+x86_64 0.8.4 20.00 135.00 155.00 NOTE

Check Details

Version: 0.8.4
Check: package dependencies
Result: NOTE
    Package which this enhances but not available for checking: 'rPython'
Flavors: r-devel-linux-x86_64-debian-clang, r-devel-linux-x86_64-debian-gcc, r-devel-linux-x86_64-fedora-clang, r-devel-linux-x86_64-fedora-gcc, r-devel-windows-ix86+x86_64, r-patched-linux-x86_64, r-patched-solaris-x86, r-release-linux-x86_64, r-release-macos-x86_64, r-release-windows-ix86+x86_64, r-oldrel-windows-ix86+x86_64