Last updated on 2020-10-11 01:47:15 CEST.
Flavor | Version | Tinstall | Tcheck | Ttotal | Status | Flags |
---|---|---|---|---|---|---|
r-devel-linux-x86_64-debian-clang | 0.9.13 | 14.55 | 160.84 | 175.39 | OK | |
r-devel-linux-x86_64-debian-gcc | 0.9.13 | 10.90 | 118.43 | 129.33 | OK | |
r-devel-linux-x86_64-fedora-clang | 0.9.13 | 210.71 | NOTE | |||
r-devel-linux-x86_64-fedora-gcc | 0.9.13 | 196.23 | OK | |||
r-devel-windows-ix86+x86_64 | 0.9.13 | 25.00 | 269.00 | 294.00 | OK | |
r-patched-linux-x86_64 | 0.9.13 | 11.27 | 150.74 | 162.01 | OK | |
r-patched-solaris-x86 | 0.9.13 | 286.00 | OK | |||
r-release-linux-x86_64 | 0.9.13 | 10.26 | 150.01 | 160.27 | OK | |
r-release-macos-x86_64 | 0.9.13 | NOTE | ||||
r-release-windows-ix86+x86_64 | 0.9.13 | 26.00 | 410.00 | 436.00 | OK | |
r-oldrel-macos-x86_64 | 0.9.13 | NOTE | ||||
r-oldrel-windows-ix86+x86_64 | 0.9.13 | 23.00 | 290.00 | 313.00 | OK |
Version: 0.9.13
Check: Rd cross-references
Result: NOTE
Undeclared package ‘Rmpi’ in Rd xrefs
Flavor: r-devel-linux-x86_64-fedora-clang
Version: 0.9.13
Check: package dependencies
Result: NOTE
Package suggested but not available for checking: ‘doMPI’
Flavors: r-release-macos-x86_64, r-oldrel-macos-x86_64
Version: 0.9.13
Check: Rd cross-references
Result: NOTE
Package unavailable to check Rd xrefs: ‘Rmpi’
Flavors: r-release-macos-x86_64, r-oldrel-macos-x86_64