Last updated on 2020-10-11 01:47:16 CEST.
Flavor | Version | Tinstall | Tcheck | Ttotal | Status | Flags |
---|---|---|---|---|---|---|
r-devel-linux-x86_64-debian-clang | 4.0.3 | 105.09 | 40.35 | 145.44 | OK | |
r-devel-linux-x86_64-debian-gcc | 4.0.3 | 84.44 | 30.65 | 115.09 | OK | |
r-devel-linux-x86_64-fedora-clang | 4.0.3 | 213.22 | NOTE | |||
r-devel-linux-x86_64-fedora-gcc | 4.0.3 | 197.83 | OK | |||
r-devel-windows-ix86+x86_64 | 4.0.3 | 248.00 | 109.00 | 357.00 | OK | |
r-patched-linux-x86_64 | 4.0.3 | 103.60 | 39.04 | 142.64 | OK | |
r-patched-solaris-x86 | 4.0.3 | 183.60 | OK | |||
r-release-linux-x86_64 | 4.0.3 | 101.84 | 39.10 | 140.94 | OK | |
r-release-macos-x86_64 | 4.0.3 | NOTE | ||||
r-release-windows-ix86+x86_64 | 4.0.3 | 191.00 | 75.00 | 266.00 | OK | |
r-oldrel-macos-x86_64 | 4.0.3 | NOTE | ||||
r-oldrel-windows-ix86+x86_64 | 4.0.3 | 225.00 | 84.00 | 309.00 | OK |
Version: 4.0.3
Check: installed package size
Result: NOTE
installed size is 6.7Mb
sub-directories of 1Mb or more:
libs 6.5Mb
Flavors: r-devel-linux-x86_64-fedora-clang, r-release-macos-x86_64
Version: 4.0.3
Check: package dependencies
Result: NOTE
Package suggested but not available for checking: ‘DNAcopy’
Flavor: r-oldrel-macos-x86_64