Last updated on 2020-10-11 01:47:16 CEST.
Flavor | Version | Tinstall | Tcheck | Ttotal | Status | Flags |
---|---|---|---|---|---|---|
r-devel-linux-x86_64-debian-clang | 1.4.1 | 60.79 | 47.30 | 108.09 | OK | |
r-devel-linux-x86_64-debian-gcc | 1.4.1 | 46.03 | 36.86 | 82.89 | OK | |
r-devel-linux-x86_64-fedora-clang | 1.4.1 | 159.17 | OK | |||
r-devel-linux-x86_64-fedora-gcc | 1.4.1 | 144.12 | OK | |||
r-devel-windows-ix86+x86_64 | 1.4.1 | 146.00 | 104.00 | 250.00 | OK | |
r-patched-linux-x86_64 | 1.4.1 | 53.76 | 46.65 | 100.41 | OK | |
r-patched-solaris-x86 | 1.4.1 | 139.30 | OK | |||
r-release-linux-x86_64 | 1.4.1 | 60.06 | 46.08 | 106.14 | OK | |
r-release-macos-x86_64 | 1.4.1 | OK | ||||
r-release-windows-ix86+x86_64 | 1.4.1 | 114.00 | 75.00 | 189.00 | OK | |
r-oldrel-macos-x86_64 | 1.4.1 | OK | ||||
r-oldrel-windows-ix86+x86_64 | 1.4.1 | 127.00 | 75.00 | 202.00 | WARN |
Version: 1.4.1
Check: re-building of vignette outputs
Result: WARN
Error(s) in re-building vignettes:
--- re-building 'belg1.Rmd' using rmarkdown
Quitting from lines 13-32 (belg1.Rmd)
Error: processing vignette 'belg1.Rmd' failed with diagnostics:
package 'lattice' 0.20.38 was found, but >= 0.20.41 is required by 'rasterVis'
--- failed re-building 'belg1.Rmd'
SUMMARY: processing the following file failed:
'belg1.Rmd'
Error: Vignette re-building failed.
Execution halted
Flavor: r-oldrel-windows-ix86+x86_64