CRAN Package Check Results for Package betalink

Last updated on 2020-10-11 01:47:16 CEST.

Flavor Version Tinstall Tcheck Ttotal Status Flags
r-devel-linux-x86_64-debian-clang 2.2.1 2.66 22.10 24.76 NOTE
r-devel-linux-x86_64-debian-gcc 2.2.1 1.88 17.56 19.44 NOTE
r-devel-linux-x86_64-fedora-clang 2.2.1 39.07 NOTE
r-devel-linux-x86_64-fedora-gcc 2.2.1 29.87 NOTE
r-devel-windows-ix86+x86_64 2.2.1 5.00 48.00 53.00 NOTE
r-patched-linux-x86_64 2.2.1 2.37 21.73 24.10 NOTE
r-patched-solaris-x86 2.2.1 45.10 NOTE
r-release-linux-x86_64 2.2.1 2.45 21.53 23.98 NOTE
r-release-macos-x86_64 2.2.1 NOTE
r-release-windows-ix86+x86_64 2.2.1 4.00 29.00 33.00 NOTE
r-oldrel-macos-x86_64 2.2.1 NOTE
r-oldrel-windows-ix86+x86_64 2.2.1 4.00 32.00 36.00 NOTE

Check Details

Version: 2.2.1
Check: DESCRIPTION meta-information
Result: NOTE
    Checking should be performed on sources prepared by 'R CMD build'.
Flavors: r-devel-linux-x86_64-debian-clang, r-devel-linux-x86_64-debian-gcc, r-devel-linux-x86_64-fedora-clang, r-devel-linux-x86_64-fedora-gcc, r-devel-windows-ix86+x86_64, r-patched-linux-x86_64, r-patched-solaris-x86, r-release-linux-x86_64, r-release-macos-x86_64, r-release-windows-ix86+x86_64, r-oldrel-macos-x86_64, r-oldrel-windows-ix86+x86_64