Last updated on 2020-10-11 01:47:16 CEST.
Flavor | Version | Tinstall | Tcheck | Ttotal | Status | Flags |
---|---|---|---|---|---|---|
r-devel-linux-x86_64-debian-clang | 4.5.36 | 81.08 | 42.69 | 123.77 | OK | |
r-devel-linux-x86_64-debian-gcc | 4.5.36 | 71.30 | 33.89 | 105.19 | OK | |
r-devel-linux-x86_64-fedora-clang | 4.5.36 | 185.93 | NOTE | |||
r-devel-linux-x86_64-fedora-gcc | 4.5.36 | 175.90 | NOTE | |||
r-devel-windows-ix86+x86_64 | 4.5.36 | 219.00 | 84.00 | 303.00 | WARN | |
r-patched-linux-x86_64 | 4.5.36 | 76.55 | 41.31 | 117.86 | OK | |
r-patched-solaris-x86 | 4.5.36 | 159.10 | OK | |||
r-release-linux-x86_64 | 4.5.36 | 84.12 | 41.02 | 125.14 | OK | |
r-release-macos-x86_64 | 4.5.36 | NOTE | ||||
r-release-windows-ix86+x86_64 | 4.5.36 | 177.00 | 114.00 | 291.00 | WARN | |
r-oldrel-macos-x86_64 | 4.5.36 | NOTE | ||||
r-oldrel-windows-ix86+x86_64 | 4.5.36 | 214.00 | 74.00 | 288.00 | OK |
Version: 4.5.36
Check: installed package size
Result: NOTE
installed size is 8.8Mb
sub-directories of 1Mb or more:
libs 8.3Mb
Flavors: r-devel-linux-x86_64-fedora-clang, r-release-macos-x86_64, r-oldrel-macos-x86_64
Version: 4.5.36
Check: top-level files
Result: NOTE
possible bashism in configure line 14 (echo -n):
echo -n " checking for Sun Studio compiler..."
possible bashism in configure line 24 (echo -n):
echo -n " checking for OS..."
Flavors: r-devel-linux-x86_64-fedora-clang, r-devel-linux-x86_64-fedora-gcc
Version: 4.5.36
Check: whether package can be installed
Result: WARN
Found the following significant warnings:
d:/RCompile/CRANpkg/lib/4.1/BH/include/boost/interprocess/detail/win32_api.hpp:151:9: warning: ISO C++ prohibits anonymous structs [-Wpedantic]
d:/RCompile/CRANpkg/lib/4.1/BH/include/boost/interprocess/detail/win32_api.hpp:159:9: warning: ISO C++ prohibits anonymous structs [-Wpedantic]
d:/RCompile/CRANpkg/lib/4.1/BH/include/boost/interprocess/detail/win32_api.hpp:184:13: warning: ISO C++ prohibits anonymous structs [-Wpedantic]
d:/RCompile/CRANpkg/lib/4.1/BH/include/boost/interprocess/detail/win32_api.hpp:186:7: warning: ISO C++ prohibits anonymous structs [-Wpedantic]
Flavor: r-devel-windows-ix86+x86_64
Version: 4.5.36
Check: whether package can be installed
Result: WARN
Found the following significant warnings:
d:/RCompile/CRANpkg/lib/4.0/BH/include/boost/interprocess/detail/win32_api.hpp:151:9: warning: ISO C++ prohibits anonymous structs [-Wpedantic]
d:/RCompile/CRANpkg/lib/4.0/BH/include/boost/interprocess/detail/win32_api.hpp:159:9: warning: ISO C++ prohibits anonymous structs [-Wpedantic]
d:/RCompile/CRANpkg/lib/4.0/BH/include/boost/interprocess/detail/win32_api.hpp:184:13: warning: ISO C++ prohibits anonymous structs [-Wpedantic]
d:/RCompile/CRANpkg/lib/4.0/BH/include/boost/interprocess/detail/win32_api.hpp:186:7: warning: ISO C++ prohibits anonymous structs [-Wpedantic]
Flavor: r-release-windows-ix86+x86_64