CRAN Package Check Results for Package bigtime

Last updated on 2020-10-11 01:47:16 CEST.

Flavor Version Tinstall Tcheck Ttotal Status Flags
r-devel-linux-x86_64-debian-clang 0.1.0 40.97 56.35 97.32 OK
r-devel-linux-x86_64-debian-gcc 0.1.0 29.52 42.28 71.80 OK
r-devel-linux-x86_64-fedora-clang 0.1.0 131.26 NOTE
r-devel-linux-x86_64-fedora-gcc 0.1.0 119.21 NOTE
r-devel-windows-ix86+x86_64 0.1.0 91.00 102.00 193.00 OK
r-patched-linux-x86_64 0.1.0 42.28 53.30 95.58 OK
r-patched-solaris-x86 0.1.0 129.10 NOTE
r-release-linux-x86_64 0.1.0 37.82 53.71 91.53 OK
r-release-macos-x86_64 0.1.0 NOTE
r-release-windows-ix86+x86_64 0.1.0 73.00 138.00 211.00 OK
r-oldrel-macos-x86_64 0.1.0 NOTE
r-oldrel-windows-ix86+x86_64 0.1.0 80.00 81.00 161.00 OK

Check Details

Version: 0.1.0
Check: dependencies in R code
Result: NOTE
    Namespaces in Imports field not imported from:
     ‘MASS’ ‘lattice’ ‘zoo’
     All declared Imports should be used.
Flavors: r-devel-linux-x86_64-fedora-clang, r-devel-linux-x86_64-fedora-gcc, r-patched-solaris-x86, r-release-macos-x86_64, r-oldrel-macos-x86_64