CRAN Package Check Results for Package biogeo

Last updated on 2020-10-11 01:47:16 CEST.

Flavor Version Tinstall Tcheck Ttotal Status Flags
r-devel-linux-x86_64-debian-clang 1.0 17.27 139.57 156.84 NOTE
r-devel-linux-x86_64-debian-gcc 1.0 15.35 107.21 122.56 NOTE
r-devel-linux-x86_64-fedora-clang 1.0 195.61 NOTE
r-devel-linux-x86_64-fedora-gcc 1.0 196.59 NOTE
r-devel-windows-ix86+x86_64 1.0 45.00 212.00 257.00 OK
r-patched-linux-x86_64 1.0 18.36 132.02 150.38 NOTE
r-patched-solaris-x86 1.0 265.90 NOTE
r-release-linux-x86_64 1.0 14.94 130.96 145.90 NOTE
r-release-macos-x86_64 1.0 OK
r-release-windows-ix86+x86_64 1.0 32.00 147.00 179.00 OK
r-oldrel-macos-x86_64 1.0 OK
r-oldrel-windows-ix86+x86_64 1.0 41.00 131.00 172.00 OK

Check Details

Version: 1.0
Check: for non-standard things in the check directory
Result: NOTE
    Found the following files/directories:
     'pointshape.dbf' 'pointshape.shp' 'pointshape.shx'
Flavors: r-devel-linux-x86_64-debian-clang, r-devel-linux-x86_64-debian-gcc, r-devel-linux-x86_64-fedora-clang, r-devel-linux-x86_64-fedora-gcc, r-patched-linux-x86_64, r-patched-solaris-x86, r-release-linux-x86_64