Last updated on 2020-10-11 01:47:16 CEST.
Flavor | Version | Tinstall | Tcheck | Ttotal | Status | Flags |
---|---|---|---|---|---|---|
r-devel-linux-x86_64-debian-clang | 0.1.4 | 10.79 | 87.51 | 98.30 | OK | |
r-devel-linux-x86_64-debian-gcc | 0.1.4 | 8.30 | 66.68 | 74.98 | OK | |
r-devel-linux-x86_64-fedora-clang | 0.1.4 | 126.26 | NOTE | |||
r-devel-linux-x86_64-fedora-gcc | 0.1.4 | 119.26 | OK | |||
r-devel-windows-ix86+x86_64 | 0.1.4 | 29.00 | 94.00 | 123.00 | NOTE | |
r-patched-linux-x86_64 | 0.1.4 | 9.50 | 81.05 | 90.55 | OK | |
r-patched-solaris-x86 | 0.1.4 | 178.90 | NOTE | |||
r-release-linux-x86_64 | 0.1.4 | 12.18 | 80.98 | 93.16 | OK | |
r-release-macos-x86_64 | 0.1.4 | NOTE | ||||
r-release-windows-ix86+x86_64 | 0.1.4 | 18.00 | 116.00 | 134.00 | NOTE | |
r-oldrel-macos-x86_64 | 0.1.4 | NOTE | ||||
r-oldrel-windows-ix86+x86_64 | 0.1.4 | 21.00 | 93.00 | 114.00 | NOTE |
Version: 0.1.4
Check: installed package size
Result: NOTE
installed size is 5.6Mb
sub-directories of 1Mb or more:
doc 4.7Mb
Flavors: r-devel-linux-x86_64-fedora-clang, r-devel-windows-ix86+x86_64, r-patched-solaris-x86, r-release-macos-x86_64, r-release-windows-ix86+x86_64, r-oldrel-macos-x86_64, r-oldrel-windows-ix86+x86_64