CRAN Package Check Results for Package bivquant

Last updated on 2020-10-11 01:47:16 CEST.

Flavor Version Tinstall Tcheck Ttotal Status Flags
r-devel-linux-x86_64-debian-clang 0.1 9.74 78.31 88.05 OK
r-devel-linux-x86_64-debian-gcc 0.1 7.64 60.27 67.91 OK
r-devel-linux-x86_64-fedora-clang 0.1 115.16 NOTE
r-devel-linux-x86_64-fedora-gcc 0.1 103.45 NOTE
r-devel-windows-ix86+x86_64 0.1 20.00 77.00 97.00 OK
r-patched-linux-x86_64 0.1 9.46 75.31 84.77 OK
r-patched-solaris-x86 0.1 161.20 NOTE
r-release-linux-x86_64 0.1 9.82 74.30 84.12 OK
r-release-macos-x86_64 0.1 NOTE
r-release-windows-ix86+x86_64 0.1 16.00 106.00 122.00 OK
r-oldrel-macos-x86_64 0.1 NOTE
r-oldrel-windows-ix86+x86_64 0.1 17.00 69.00 86.00 OK

Check Details

Version: 0.1
Check: dependencies in R code
Result: NOTE
    Namespace in Imports field not imported from: ‘MASS’
     All declared Imports should be used.
Flavors: r-devel-linux-x86_64-fedora-clang, r-devel-linux-x86_64-fedora-gcc, r-patched-solaris-x86, r-release-macos-x86_64, r-oldrel-macos-x86_64