Last updated on 2020-10-11 01:47:16 CEST.
Flavor | Version | Tinstall | Tcheck | Ttotal | Status | Flags |
---|---|---|---|---|---|---|
r-devel-linux-x86_64-debian-clang | 0.3.0 | 3.43 | 38.33 | 41.76 | OK | |
r-devel-linux-x86_64-debian-gcc | 0.3.0 | 2.94 | 29.28 | 32.22 | OK | |
r-devel-linux-x86_64-fedora-clang | 0.3.0 | 57.93 | NOTE | |||
r-devel-linux-x86_64-fedora-gcc | 0.3.0 | 48.98 | NOTE | |||
r-devel-windows-ix86+x86_64 | 0.3.0 | 10.00 | 45.00 | 55.00 | OK | |
r-patched-linux-x86_64 | 0.3.0 | 3.12 | 36.60 | 39.72 | OK | |
r-patched-solaris-x86 | 0.3.0 | 71.80 | NOTE | |||
r-release-linux-x86_64 | 0.3.0 | 3.31 | 36.45 | 39.76 | OK | |
r-release-macos-x86_64 | 0.3.0 | NOTE | ||||
r-release-windows-ix86+x86_64 | 0.3.0 | 8.00 | 56.00 | 64.00 | OK | |
r-oldrel-macos-x86_64 | 0.3.0 | NOTE | ||||
r-oldrel-windows-ix86+x86_64 | 0.3.0 | 6.00 | 42.00 | 48.00 | OK |
Version: 0.3.0
Check: dependencies in R code
Result: NOTE
Namespaces in Imports field not imported from:
‘Rgraphviz’ ‘fastDummies’
All declared Imports should be used.
Flavors: r-devel-linux-x86_64-fedora-clang, r-devel-linux-x86_64-fedora-gcc, r-patched-solaris-x86, r-release-macos-x86_64, r-oldrel-macos-x86_64