Last updated on 2020-10-11 01:47:16 CEST.
Flavor | Version | Tinstall | Tcheck | Ttotal | Status | Flags |
---|---|---|---|---|---|---|
r-devel-linux-x86_64-debian-clang | 1.1.0 | 4.30 | 65.26 | 69.56 | OK | |
r-devel-linux-x86_64-debian-gcc | 1.1.0 | 3.79 | 51.24 | 55.03 | OK | |
r-devel-linux-x86_64-fedora-clang | 1.1.0 | 92.59 | OK | |||
r-devel-linux-x86_64-fedora-gcc | 1.1.0 | 90.70 | OK | |||
r-devel-windows-ix86+x86_64 | 1.1.0 | 9.00 | 78.00 | 87.00 | OK | |
r-patched-linux-x86_64 | 1.1.0 | 4.91 | 64.58 | 69.49 | OK | |
r-patched-solaris-x86 | 1.1.0 | 131.00 | OK | |||
r-release-linux-x86_64 | 1.1.0 | 5.22 | 64.54 | 69.76 | OK | |
r-release-macos-x86_64 | 1.1.0 | NOTE | ||||
r-release-windows-ix86+x86_64 | 1.1.0 | 9.00 | 97.00 | 106.00 | OK | |
r-oldrel-macos-x86_64 | 1.1.0 | NOTE | ||||
r-oldrel-windows-ix86+x86_64 | 1.1.0 | 7.00 | 75.00 | 82.00 | OK |
Version: 1.1.0
Check: package dependencies
Result: NOTE
Package suggested but not available for checking: ‘sangerseqR’
Flavors: r-release-macos-x86_64, r-oldrel-macos-x86_64